{"id":47,"date":"2020-06-14T19:22:38","date_gmt":"2020-06-14T17:22:38","guid":{"rendered":"http:\/\/k-salon.de\/?page_id=47"},"modified":"2024-03-28T13:07:43","modified_gmt":"2024-03-28T12:07:43","slug":"team","status":"publish","type":"page","link":"http:\/\/k-salon.de\/?page_id=47","title":{"rendered":"Team"},"content":{"rendered":"\t\t<div data-elementor-type=\"wp-page\" data-elementor-id=\"47\" class=\"elementor elementor-47\" data-elementor-settings=\"[]\">\n\t\t\t\t\t\t<div class=\"elementor-inner\">\n\t\t\t\t\t\t\t<div class=\"elementor-section-wrap\">\n\t\t\t\t\t\t\t<section class=\"elementor-section elementor-top-section elementor-element elementor-element-50c2973 elementor-section-boxed elementor-section-height-default elementor-section-height-default\" data-id=\"50c2973\" data-element_type=\"section\">\n\t\t\t\t\t\t<div class=\"elementor-container elementor-column-gap-default\">\n\t\t\t\t\t\t\t<div class=\"elementor-row\">\n\t\t\t\t\t<div class=\"elementor-column elementor-col-100 elementor-top-column elementor-element elementor-element-213f215\" data-id=\"213f215\" data-element_type=\"column\">\n\t\t\t<div class=\"elementor-column-wrap elementor-element-populated\">\n\t\t\t\t\t\t\t<div class=\"elementor-widget-wrap\">\n\t\t\t\t\t\t<div class=\"elementor-element elementor-element-4656a73 elementor-widget elementor-widget-spacer\" data-id=\"4656a73\" data-element_type=\"widget\" data-widget_type=\"spacer.default\">\n\t\t\t\t<div class=\"elementor-widget-container\">\n\t\t\t\t\t<div class=\"elementor-spacer\">\n\t\t\t<div class=\"elementor-spacer-inner\"><\/div>\n\t\t<\/div>\n\t\t\t\t<\/div>\n\t\t\t\t<\/div>\n\t\t\t\t\t\t<\/div>\n\t\t\t\t\t<\/div>\n\t\t<\/div>\n\t\t\t\t\t\t\t\t<\/div>\n\t\t\t\t\t<\/div>\n\t\t<\/section>\n\t\t\t\t<section class=\"elementor-section elementor-top-section elementor-element elementor-element-df816b4 elementor-section-boxed elementor-section-height-default elementor-section-height-default\" data-id=\"df816b4\" data-element_type=\"section\">\n\t\t\t\t\t\t<div class=\"elementor-container elementor-column-gap-default\">\n\t\t\t\t\t\t\t<div class=\"elementor-row\">\n\t\t\t\t\t<div class=\"elementor-column elementor-col-33 elementor-top-column elementor-element elementor-element-6c72497\" data-id=\"6c72497\" data-element_type=\"column\">\n\t\t\t<div class=\"elementor-column-wrap\">\n\t\t\t\t\t\t\t<div class=\"elementor-widget-wrap\">\n\t\t\t\t\t\t\t\t<\/div>\n\t\t\t\t\t<\/div>\n\t\t<\/div>\n\t\t\t\t<div class=\"elementor-column elementor-col-33 elementor-top-column elementor-element elementor-element-fc28b66\" data-id=\"fc28b66\" data-element_type=\"column\">\n\t\t\t<div class=\"elementor-column-wrap elementor-element-populated\">\n\t\t\t\t\t\t\t<div class=\"elementor-widget-wrap\">\n\t\t\t\t\t\t<div class=\"elementor-element elementor-element-9430c3a elementor-widget elementor-widget-image\" data-id=\"9430c3a\" data-element_type=\"widget\" data-widget_type=\"image.default\">\n\t\t\t\t<div class=\"elementor-widget-container\">\n\t\t\t\t\t\t\t\t<div class=\"elementor-image\">\n\t\t\t\t\t\t\t\t\t\t\t\t<img loading=\"lazy\" decoding=\"async\" width=\"800\" height=\"377\" src=\"http:\/\/k-salon.de\/wp-content\/uploads\/2020\/07\/teamfoto-1024x483.jpg\" class=\"attachment-large size-large\" alt=\"\" srcset=\"http:\/\/k-salon.de\/wp-content\/uploads\/2020\/07\/teamfoto-1024x483.jpg 1024w, http:\/\/k-salon.de\/wp-content\/uploads\/2020\/07\/teamfoto-400x189.jpg 400w, http:\/\/k-salon.de\/wp-content\/uploads\/2020\/07\/teamfoto-768x362.jpg 768w, http:\/\/k-salon.de\/wp-content\/uploads\/2020\/07\/teamfoto-600x283.jpg 600w, http:\/\/k-salon.de\/wp-content\/uploads\/2020\/07\/teamfoto.jpg 1107w\" sizes=\"auto, (max-width: 800px) 100vw, 800px\" \/>\t\t\t\t\t\t\t\t\t\t\t\t\t\t<\/div>\n\t\t\t\t\t\t<\/div>\n\t\t\t\t<\/div>\n\t\t\t\t\t\t<\/div>\n\t\t\t\t\t<\/div>\n\t\t<\/div>\n\t\t\t\t<div class=\"elementor-column elementor-col-33 elementor-top-column elementor-element elementor-element-812bc21\" data-id=\"812bc21\" data-element_type=\"column\">\n\t\t\t<div class=\"elementor-column-wrap\">\n\t\t\t\t\t\t\t<div class=\"elementor-widget-wrap\">\n\t\t\t\t\t\t\t\t<\/div>\n\t\t\t\t\t<\/div>\n\t\t<\/div>\n\t\t\t\t\t\t\t\t<\/div>\n\t\t\t\t\t<\/div>\n\t\t<\/section>\n\t\t\t\t<section class=\"elementor-section elementor-top-section elementor-element elementor-element-493cf0b elementor-section-boxed elementor-section-height-default elementor-section-height-default\" data-id=\"493cf0b\" data-element_type=\"section\">\n\t\t\t\t\t\t<div class=\"elementor-container elementor-column-gap-default\">\n\t\t\t\t\t\t\t<div class=\"elementor-row\">\n\t\t\t\t\t<div class=\"elementor-column elementor-col-100 elementor-top-column elementor-element elementor-element-46a862a\" data-id=\"46a862a\" data-element_type=\"column\">\n\t\t\t<div class=\"elementor-column-wrap elementor-element-populated\">\n\t\t\t\t\t\t\t<div class=\"elementor-widget-wrap\">\n\t\t\t\t\t\t<div class=\"elementor-element elementor-element-4d9baf4 elementor-widget elementor-widget-spacer\" data-id=\"4d9baf4\" data-element_type=\"widget\" data-widget_type=\"spacer.default\">\n\t\t\t\t<div class=\"elementor-widget-container\">\n\t\t\t\t\t<div class=\"elementor-spacer\">\n\t\t\t<div class=\"elementor-spacer-inner\"><\/div>\n\t\t<\/div>\n\t\t\t\t<\/div>\n\t\t\t\t<\/div>\n\t\t\t\t\t\t<\/div>\n\t\t\t\t\t<\/div>\n\t\t<\/div>\n\t\t\t\t\t\t\t\t<\/div>\n\t\t\t\t\t<\/div>\n\t\t<\/section>\n\t\t\t\t<section class=\"elementor-section elementor-top-section elementor-element elementor-element-0c3c0d3 elementor-section-boxed elementor-section-height-default elementor-section-height-default\" data-id=\"0c3c0d3\" data-element_type=\"section\">\n\t\t\t\t\t\t<div class=\"elementor-container elementor-column-gap-default\">\n\t\t\t\t\t\t\t<div class=\"elementor-row\">\n\t\t\t\t\t<div class=\"elementor-column elementor-col-33 elementor-top-column elementor-element elementor-element-a2d7a22\" data-id=\"a2d7a22\" data-element_type=\"column\">\n\t\t\t<div class=\"elementor-column-wrap elementor-element-populated\">\n\t\t\t\t\t\t\t<div class=\"elementor-widget-wrap\">\n\t\t\t\t\t\t<div class=\"elementor-element elementor-element-14b8342 elementor-widget elementor-widget-text-editor\" data-id=\"14b8342\" data-element_type=\"widget\" data-widget_type=\"text-editor.default\">\n\t\t\t\t<div class=\"elementor-widget-container\">\n\t\t\t\t\t\t\t\t<div class=\"elementor-text-editor elementor-clearfix\">\n\t\t\t\t<p><!-- \/wp:paragraph --><!-- wp:paragraph --><\/p>\n<p><strong>Organisation\/Leitung:<br \/>Katharina Husemann<\/strong><\/p>\n<p><!-- \/wp:paragraph --><!-- wp:paragraph --><\/p>\n<p>Kulturmanagerin, arbeitete langj\u00e4hrig als Akteurin mit dem RA.M.M.theaterart Berlin. Mitgr\u00fcnderin und Vorsitzende des Vereins schloss br\u00f6llin e.V.. Seit 1996 initiiert, begleitet und ber\u00e4t sie Festivals, Symposien, k\u00fcnstlerische und soziokulturelle Projekte und Produktionen, gr\u00f6\u00dftenteils auf interdisziplin\u00e4rer und internationaler Ebene. Seit 2006 ist sie als Produzentin, Projektleiterin, Beraterin und Mitarbeiterin in unterschiedlichen Zusammenh\u00e4ngen t\u00e4tig.<\/p>\t\t\t\t\t<\/div>\n\t\t\t\t\t\t<\/div>\n\t\t\t\t<\/div>\n\t\t\t\t\t\t<\/div>\n\t\t\t\t\t<\/div>\n\t\t<\/div>\n\t\t\t\t<div class=\"elementor-column elementor-col-33 elementor-top-column elementor-element elementor-element-6b18aac\" data-id=\"6b18aac\" data-element_type=\"column\">\n\t\t\t<div class=\"elementor-column-wrap elementor-element-populated\">\n\t\t\t\t\t\t\t<div class=\"elementor-widget-wrap\">\n\t\t\t\t\t\t<div class=\"elementor-element elementor-element-ab831aa elementor-widget elementor-widget-text-editor\" data-id=\"ab831aa\" data-element_type=\"widget\" data-widget_type=\"text-editor.default\">\n\t\t\t\t<div class=\"elementor-widget-container\">\n\t\t\t\t\t\t\t\t<div class=\"elementor-text-editor elementor-clearfix\">\n\t\t\t\t<p><strong>Organisation\/Leitung:<\/strong><br \/><strong>Klaus-Uwe Mecklenburg<\/strong><br \/><br \/>alias K-U, gelernter Jugend- u. Heimerzieher, jahrelange T\u00e4tigkeit als freischaffender Objektk\u00fcnstler, Kraftfahrer und Initiator von Kulturprojekten. 15 Jahre Mitinhaber und Betreiber des kollektiven Gastronomie-Kultur-Cafes &#8222;Anfall&#8220;. Danach Ausbildung zum Mediengestalter f\u00fcr Digital- u. Printmedien. Seit 2004 entwickelt und produziert er zusammen mit Merkel-Design verschiedene Kultur- und Mode-Guides f\u00fcr die Hauptstadt, u.a. Jazz-, Kids- und Fashion-Guide-Berlin.<\/p>\t\t\t\t\t<\/div>\n\t\t\t\t\t\t<\/div>\n\t\t\t\t<\/div>\n\t\t\t\t\t\t<\/div>\n\t\t\t\t\t<\/div>\n\t\t<\/div>\n\t\t\t\t<div class=\"elementor-column elementor-col-33 elementor-top-column elementor-element elementor-element-d2ea504\" data-id=\"d2ea504\" data-element_type=\"column\">\n\t\t\t<div class=\"elementor-column-wrap elementor-element-populated\">\n\t\t\t\t\t\t\t<div class=\"elementor-widget-wrap\">\n\t\t\t\t\t\t<div class=\"elementor-element elementor-element-9a02208 elementor-widget elementor-widget-text-editor\" data-id=\"9a02208\" data-element_type=\"widget\" data-widget_type=\"text-editor.default\">\n\t\t\t\t<div class=\"elementor-widget-container\">\n\t\t\t\t\t\t\t\t<div class=\"elementor-text-editor elementor-clearfix\">\n\t\t\t\t<p><strong>K\u00fcnstlerische Leitung:<br \/>Susanne Husemann<br \/><\/strong><br \/>Studium an der UdK Berlin und am Philosophischen Seminar in T\u00fcbingen und Berlin, Gastaufenthalt in Glasgow, Naf\u00f6g- und DAAD Stipendium in Japan. Aufbau und Regie der Theatergruppe Theater Artaud, Vorstands- und Juryt\u00e4tigkeiten beim BBK. Arbeitet als Autorin, Performerin und bildende K\u00fcnstlerin. Sie wird vertreten von der Galerie Helga Hofman in Amsterdam.<br \/>www.susannehusemann.de<\/p>\n<p>\u00a0<\/p>\t\t\t\t\t<\/div>\n\t\t\t\t\t\t<\/div>\n\t\t\t\t<\/div>\n\t\t\t\t\t\t<\/div>\n\t\t\t\t\t<\/div>\n\t\t<\/div>\n\t\t\t\t\t\t\t\t<\/div>\n\t\t\t\t\t<\/div>\n\t\t<\/section>\n\t\t\t\t\t\t<\/div>\n\t\t\t\t\t\t<\/div>\n\t\t\t\t\t<\/div>\n\t\t","protected":false},"excerpt":{"rendered":"<p>Organisation\/Leitung:Katharina Husemann Kulturmanagerin, arbeitete langj\u00e4hrig als Akteurin mit dem RA.M.M.theaterart Berlin. Mitgr\u00fcnderin und Vorsitzende des Vereins schloss br\u00f6llin e.V.. Seit 1996 initiiert, begleitet und ber\u00e4t sie Festivals, Symposien, k\u00fcnstlerische und soziokulturelle Projekte und Produktionen, gr\u00f6\u00dftenteils auf interdisziplin\u00e4rer und internationaler Ebene. Seit 2006 ist sie als Produzentin, Projektleiterin, Beraterin und Mitarbeiterin in unterschiedlichen Zusammenh\u00e4ngen t\u00e4tig. Organisation\/Leitung:Klaus-Uwe [&hellip;]<\/p>\n","protected":false},"author":1,"featured_media":0,"parent":0,"menu_order":0,"comment_status":"closed","ping_status":"closed","template":"","meta":{"footnotes":""},"class_list":["post-47","page","type-page","status-publish","hentry"],"_links":{"self":[{"href":"http:\/\/k-salon.de\/index.php?rest_route=\/wp\/v2\/pages\/47","targetHints":{"allow":["GET"]}}],"collection":[{"href":"http:\/\/k-salon.de\/index.php?rest_route=\/wp\/v2\/pages"}],"about":[{"href":"http:\/\/k-salon.de\/index.php?rest_route=\/wp\/v2\/types\/page"}],"author":[{"embeddable":true,"href":"http:\/\/k-salon.de\/index.php?rest_route=\/wp\/v2\/users\/1"}],"replies":[{"embeddable":true,"href":"http:\/\/k-salon.de\/index.php?rest_route=%2Fwp%2Fv2%2Fcomments&post=47"}],"version-history":[{"count":8,"href":"http:\/\/k-salon.de\/index.php?rest_route=\/wp\/v2\/pages\/47\/revisions"}],"predecessor-version":[{"id":1565,"href":"http:\/\/k-salon.de\/index.php?rest_route=\/wp\/v2\/pages\/47\/revisions\/1565"}],"wp:attachment":[{"href":"http:\/\/k-salon.de\/index.php?rest_route=%2Fwp%2Fv2%2Fmedia&parent=47"}],"curies":[{"name":"wp","href":"https:\/\/api.w.org\/{rel}","templated":true}]}}